**2 - 5*r + 5 + 5*r + 7*r. Determine n(-5).
-5
Suppose i + 2*l - 12 = 0, -3*i - i + 13 = l. Suppose 15 = -i*o + 5*o. Let p(r) = r**3 - 6*r**2 + 3*r. What is p(o)?
-10
Suppose -4*c + 36 = -8*c. Let j = 4 + c. Let a(h) = h**3 + 4*h**2 - 5*h + 1. Calculate a(j).
1
Let v(s) = 3*s**3 - 4*s**2 - 3. Let h(d) = -d**3 - d**2 + d + 1. Let y(z) = 2*h(z) + v(z). Suppose 4*u - 32 = -4*j, 4*j = -0*j + 8. Calculate y(u).
11
Let j = -4 + 8. Let c = j + -9. Let x(k) be the second derivative of -k**5/20 - k**4/2 - 2*k**3/3 - 2*k**2 + k. Determine x(c).
-9
Let s be (10/(-3))/(-3*(-6)/(-27)). Let a(w) = 5*w - 7. What is a(s)?
18
Let o(b) = -b + 1. Let i(a) = a**3 - 8*a**2 - 10*a + 12. Let p be i(9). Calculate o(p).
-2
Let s(d) be the first derivative of 3*d**3/2 + d**2/2 - 5*d - 2. Let l(z) be the first derivative of s(z). Calculate l(-1).
-8
Let a(y) = -4*y - 1. Let z(w) = w. Let g(v) = 2*a(v) + 9*z(v). Suppose 2*t = 2*i - 6, -3*i + 2*t = -1 - 6. Let o = -3 + i. Calculate g(o).
-4
Let g be (-2)/(-1)*(-63)/18. Let x = -12 - g. Let d(l) = l**3 + 5*l**2 - 2*l - 6. What is d(x)?
4
Let k(l) = l**2 + 3*l - 1. Let g be k(-2). Let p = -2 - g. Let q(w) be the third derivative of -7*w**5/60 + w**3/6 - w**2. What is q(p)?
-6
Let p(u) = u - 9. Let c be p(5). Let j(s) = 5*s**3 - 5*s**2 + 4*s + 5. Let o(x) = -6*x**3 + 5*x**2 - 4*x - 6. Let m(r) = c*o(r) - 5*j(r). Give m(4).
-1
Let p(l) = 7*l - 4. Let k(s) = -15*s + 9. Let d(g) = 6*k(g) + 13*p(g). Give d(-3).
-1
Let f = 37 + -35. Let m(x) = x**3 - 3*x + 2. Give m(f).
4
Let h(n) = -n + 1. Suppose 0 = -u - 2*u - 3. Let o(p) = p + 5. Let i(j) = u*o(j) + 4*h(j). Let t be (-25)/15 + 2/3. Determine i(t).
4
Let p(l) be the second derivative of l**4/12 - 3*l**3/2 + l**2 - 5*l - 3. Give p(7).
-12
Let v(b) = -b - 1. Let z(j) be the third derivative of j**4/8 - 7*j**3/3 + 7*j**2. Let p be z(6). Calculate v(p).
-5
Let p(m) = m**3 - 5*m**2 - 3*m - 2. Let w(l) = -l + 1. Let x be w(-5). Calculate p(x).
16
Suppose 3*r - 8 = 16. Suppose 0 = -5*o + 28 - r. Let t(y) be the first derivative of y**3/3 - 2*y**2 - 4*y + 1. Calculate t(o).
-4
Let p(q) be the first derivative of q**2/2 - 3*q - 18. Determine p(-8).
-11
Let m(x) = 5*x - 14 - x - 3*x. Determine m(6).
-8
Let d(i) be the first derivative of -i**2/2 - i - 3. Let l(h) = 15*h - 10. Let o(r) = 1. Let q(t) = l(t) + 30*o(t). Let s(u) = -20*d(u) - q(u). Determine s(2).
10
Let v = 58 - 55. Let z(r) be the third derivative of 0 - 1/3*r**3 - r**2 - 1/30*r**5 - 1/12*r**4 + 0*r + 1/120*r**6. Determine z(v).
1
Let k(r) be the second derivative of -r**3/6 - r**2 + r. Let z(g) be the first derivative of -g**2/2 + 4*g - 8. Let h be z(7). What is k(h)?
1
Let s(f) = -f**3 - 5*f**2 - 6*f. Suppose 5*u = a - 17, a + 4*u + 8 = -a. Suppose 5*n + 12 = a*n. Give s(n).
8
Let d be (3 - 25/10)*2. Let x(t) = -10*t**2 + t. Give x(d).
-9
Let t(q) = -3*q**2 - 8*q + 13. Let a(f) = 4*f**2 + 8*f - 14. Let y(h) = 4*a(h) + 5*t(h). Calculate y(6).
-3
Let d(a) = -a**2 + 7*a - 6. Suppose -48 = -3*o - 0*s + 4*s, 0 = -4*o + 2*s + 74. Suppose 2*z = 6*z - o. Determine d(z).
4
Let t(r) be the second derivative of r**3/2 - 9*r. Calculate t(7).
21
Let m(x) = x + 9. Let n be m(-7). Let b(v) = v**2 - v + 1. Let j(c) = 6*c**2 - 7*c + 6. Let w(s) = 5*b(s) - j(s). Give w(n).
-1
Let f(z) = z - 2. Suppose 0*w - 5*w - 2*l + 38 = 0, 4*w + 2*l - 32 = 0. Suppose q = -2*k - w, 2*q + 1 = 6*q + 3*k. What is f(q)?
2
Let u(v) be the second derivative of v**4/12 + 2*v**3/3 - 7*v**2/2 + 22*v. Give u(-6).
5
Let g(d) be the first derivative of -d**3/3 + 3*d**2 - 4*d + 4. What is g(5)?
1
Let v(q) = -3*q. Let b = 3 + 0. Let y be b/1 + -2 + 1. Give v(y).
-6
Suppose -5*g = 10 - 0. Let l be -1 + 0 - (-2 - g). Let o(z) = 123*z**2 - z - 1 - 60*z**2 - 61*z**2. Calculate o(l).
2
Let z = -3 - -3. Let n(w) = w - 1 - 4 + z*w + 3. Give n(3).
1
Let z = 253/6 + -42. Let v(t) be the second derivative of -z*t**3 + 1/12*t**4 + 1/20*t**5 + 3/2*t**2 + 0 + 2*t. What is v(0)?
3
Let u(b) = -b**2 + 2. Let s be u(0). Let n(z) be the first derivative of -1/3*z**3 + 3/2*z**s - z - 2. Give n(1).
1
Let o(b) be the second derivative of b - 1/2*b**3 + 0 + 1/12*b**4 + 1/2*b**2. Let q = -2 - -6. What is o(q)?
5
Suppose -3 - 1 = -s. Suppose -s*q = q - 70. Suppose 5*b - 3*v = 20, v + q = 5*b - 6. Let c(l) = l**2 - 3*l - 5. Determine c(b).
-1
Let w(q) = -q**3 + 4*q**2 + 7*q - 7. Let n be 21/(-5) - 4/(-20). Let f be 0 - (n/(-1) + -2). Let i be (-2 - -9) + f/1. Determine w(i).
3
Let c(w) = w**2 - 6*w + 2. Let i(z) = z**2 + 6*z - 1. Let g be i(-7). Calculate c(g).
2
Suppose 0 = 6*f + 121 - 85. Let c(r) = 3*r - 6*r + 5*r**2 + 6 - r + r**3. Determine c(f).
-6
Let x = -10 + 15. Let s(v) = v**3 - 3*v + 4*v + 6 + v - 4*v**2 - x*v. Let j be (-3)/((-3)/8*2). Determine s(j).
-6
Let s(r) be the third derivative of -r**5/60 + 5*r**4/12 + r**3/6 + 30*r**2. Determine s(10).
1
Let m(n) = n**3 - 6*n**2 + 7*n - 3. Let f be m(5). Let g = 13 - f. Suppose 3*q - q - g = 0. Let j(i) = i**3 - 3*i**2 - 2. What is j(q)?
-2
Let t(g) = -9*g**3 + 2*g - 1. Let y(l) = l - 1. Let v be y(2). Give t(v).
-8
Let j(n) = -2*n - 15. Let c(s) = -3*s - 14. Let d(g) = 3*c(g) - 4*j(g). Calculate d(8).
10
Let q(k) = k - 2. Let s(o) = -o**2 + 2*o + 3. Let n be s(3). Give q(n).
-2
Let z be (-2)/1 + (2 - 0). Let c(w) = 5*w**2 + z*w**2 + 5 - 4*w**2 - 4*w. Calculate c(4).
5
Let n be 9 - (1 + -1 + -1). Let p(i) = -i**3 + 2*i**2 + 5*i - 3. Let s be p(3). Suppose -s*x + x = -n. Let l(k) = 2*k - 4. What is l(x)?
6
Let s be 2 + -2 - (-2 + 2). Let r be (-1)/2*s/2. Let m be 1 - r/(-1 + -2). Let t(w) = 4*w**3 - w**2 + w. Calculate t(m).
4
Suppose 0 = -j + 3 - 1. Let v(f) = 2*f - 2. Let k be v(j). Let l(c) = -2 - 5*c + c**k + 0*c - 2*c**2. Give l(-5).
-2
Let p be 1/((-9)/(-6))*3. Let b be (5/4)/(2/16). Suppose -p - b = -3*l. Let a(m) = m**3 - 5*m**2 + 6*m - 4. Determine a(l).
4
Suppose -2*c - q + 4 = 0, 0*c - 2*q = 2*c - 4. Let u(o) = -o**3 + 2*o**2 + 3*o - 3. What is u(c)?
3
Let m(h) = h + 4. Let z = 6 - 4. Suppose z*u + 6 = -u. Let o = u + -1. Determine m(o).
1
Let x(j) be the first derivative of 9/2*j**2 - 9*j - 8 - 1/3*j**3. Give x(8).
-1
Let y(z) = z**2 + z. Let a(s) = s**3 + 10*s**2 + 4*s + 4. Let p(q) = a(q) - 4*y(q). Determine p(-6).
4
Let q(p) = 5 - 148*p + p**3 - 2*p**3 + 4*p**2 + 152*p. Give q(5).
0
Let x(j) = 2*j + 1 - 1. Let s be x(-1). Let d(q) = -4*q + q**2 - 12 - 2*q**2 + 9. Give d(s).
1
Let q(m) = 5*m - 8. Let b be q(2). Let f(l) = -l**3 + l**2 + 3*l - 3. What is f(b)?
-1
Suppose h - 4*w - 18 = 0, 0*h - 3*h + 15 = w. Let j(r) = -r**2 + 6*r. Calculate j(h).
0
Let x be (0 - (-3)/(-9))*-12. Let a(c) = 4*c**3 + 15*c**2 + 19*c + 0*c**3 + c**2. Let p(u) = u**3 + 5*u**2 + 6*u. Let y(d) = -2*a(d) + 7*p(d). Give y(x).
0
Let y(l) = 2*l**2 - 37 - 30 + 66 + 2*l. Calculate y(2).
11
Let m be (-2)/(-8) + (-10)/8. Let h be m/2 + 26/4. Let a(i) = 7*i + 1. Let l(t) = 10*t + 1. Let k(c) = 3*a(c) - 2*l(c). Give k(h).
7
Let n(v) be the third derivative of v**6/120 + v**5/15 + v**4/12 + 2*v**3/3 - 5*v**2. What is n(-3)?
7
Suppose 2*b = -3*b. Let t(p) be the third derivative of -p**4/24 + p**3/2 - 4*p**2. Give t(b).
3
Suppose -g - g + 5*u + 36 = 0, -16 = 4*u. Suppose -2*z - g = -4*t + 3*t, -4*t + 2*z = -20. Let c be 0 - t/6*3. Let k(a) = a**2 - 4*a - 3. Calculate k(c).
9
Let p(t) = 3*t + 1. Suppose -d - 25 = -5*j, -d - 4*j + 1 = -10. Let i(w) = -w**3 - 5*w**2 - 2*w - 7. Let q be i(d). Calculate p(q).
10
Let b(l) = l**3 - 5*l**2 + 5*l - 3. Let q(p) = -p**3 + 6*p**2 - 2*p - 12. Let x be q(5). Give b(x).
-6
Let z(c) = 2*c**3 + c**2 + 2*c + 1. Let l be z(-1). Let r be 4 + -3 - (-1 - 1). Let i(o) = 3*o**2 - r*o - 2*o**2 + o**3 - 3 + 0*o**2. Determine i(l).
-1
Let f(r) = r**3 - 5*r**2 + 6*r - 2. Suppose -2 + 26 = 6*j. Determine f(j).
6
Let b(q) = q**3 - 3*q**2 - 5*q. Suppose 0 = v - 0*v - 2*i, -22 = -4*v - 3*i. Calculate b(v).
-4
Suppose 3*k + 20 = 5*w + 5, 2*w = 3*k + 15. Let r(b) = -3*b - 7. Let u be r(-5). Let y = k + u. Let v(z) = z**3 - 3*z**2 + z + 4. Calculate v(y).
7
Let c = 1 + 0. Suppose c = -2*o - 5. Let i(l) = l**3 + 1. Let a(j) = -2*j**3 + 3*j**2 + 3*j - 7. Let z(s) = a(s) + 3*i(s). What is z(o)?
-13
Let f = 16 - 14. Suppose -2*p - 2*q = q + 21, -6 = 2*p - f*q. Let w(c) = c + 3. Determine w(p).
-3
Let z(l) = 1 + l + 4*l - 6*l - 3*l. Calculat